 11 = 7. Let d = y + -16. Suppose 253 = 5*n - d*g, 0 = -4*n - 0*g + 5*g + 216. Calculate the remainder when n is divided by 26.
23
Suppose 0 = -43*w - 807 + 8074. Calculate the remainder when w is divided by 9.
7
Suppose 3224 + 2496 = 88*j. What is the remainder when 272 is divided by j?
12
Let i(j) = 2*j**3 - 50*j**2 - 105*j - 7. What is the remainder when i(27) is divided by 44?
30
Let o(a) be the third derivative of a**5/60 - a**4/3 + a**3 - 26*a**2. Let z be o(8). Suppose z*h + 161 = 13*h. Calculate the remainder when 61 is divided by h.
15
Let w be 985/(-4) + (-9)/(-36). Let l = -228 - w. Calculate the remainder when 104 is divided by l.
14
Let d be (4 - 1) + -1 + 162 + -3. Let y = d - 53. Suppose -y = -4*p + 20. What is the remainder when p is divided by 11?
10
Let n be 2*(5 - (-63)/(-18)). Suppose 15 = -3*t, -5*t = -n*i - t + 254. What is the remainder when i is divided by 22?
12
Let b = 12 - 6. Let z(s) = 39*s**2 + 209*s + 79. What is the remainder when z(-5) is divided by b?
3
Suppose 16*t = 11*t + 25. Suppose -t*d - 40 = -60. Calculate the remainder when 27 is divided by d.
3
Let i(o) = o**2 + 38*o + 394. Calculate the remainder when 244 is divided by i(-19).
13
Suppose -4*t - 63 = -5*w + 139, 0 = 3*w + 2*t - 130. Suppose h + 4*n - 136 = 0, -2*h + 192 = 5*n - 77. What is the remainder when h is divided by w?
6
Suppose -2*n - 1 = -4*n - s, 3*s = -15. Suppose 6 = 2*g - n*h - 63, -4*h + 88 = 4*g. Suppose 12*m = 13*m - g. Calculate the remainder when m is divided by 7.
6
Suppose 76 + 118 = 2*x. Let v(q) = -q**3 + 3*q**2 + 3. Let f be v(3). Suppose f*w = 6*w - 60. What is the remainder when x is divided by w?
17
Let f = -51 + 49. Let v be 4/10 - f*(-177)/10. Calculate the remainder when -7*(-5 - (-235)/v) is divided by 18.
10
Suppose 5*h + 774 = -n + 977, 4*h + n - 162 = 0. What is the remainder when 2910 is divided by h?
40
What is the remainder when (6/(-4))/3*(-1741 + 37 + -2) is divided by 173?
161
Suppose 0 = -n + 3*g - 1252 + 1392, -3*n = g - 480. Calculate the remainder when n is divided by 117.
41
Let t be -1 - (2/3*3 - 12). Suppose -2*o = f + 12, 6*f - t*f + 5*o - 3 = 0. Let r = f + 26. Calculate the remainder when r is divided by 6.
2
Let n be 4 - (0 + 1) - (0 - -5). Calculate the remainder when 156 is divided by (22 + n)*2/4.
6
Let r(i) = 4*i**2 - 16*i + 15. Let k = -3 - -8. Suppose -s - 52 = -5*f - 5*s, -k*f + 46 = 2*s. What is the remainder when r(f) is divided by 29?
27
Let z(k) = -4*k**3 - 2*k**2. Let f = -42 - -38. Let m be 1 - 9/(-12)*f. Calculate the remainder when 67 is divided by z(m).
19
Suppose 0 = -4*m + 3*p + 170, 4*p + 304 = 5*m + 90. Calculate the remainder when 160 is divided by m.
8
What is the remainder when (-675)/(-2)*(2 + (56/(-6))/14) is divided by 11?
10
Suppose -13 + 5 = -4*c. Suppose 4*o - 4*w - 312 = 0, -6*w = -c*w. Suppose -5*p + 232 = -o. Calculate the remainder when p is divided by 16.
14
Let c(h) = 12*h**2 - 3*h + 14. What is the remainder when c(-2) is divided by 39?
29
Suppose 4*y = -f + 255, -6*y - 816 = -3*f - y. Suppose -3*h - 2*l + 125 = 0, 105 = 2*h - 8*l + 5*l. What is the remainder when f is divided by h?
42
Let f(y) = -46*y + 176. Let b be f(5). Let t = 166 + b. What is the remainder when t is divided by 26?
8
Suppose 5*l + 5*h = -185, 3*l + h = -30 - 77. Let m = l - -58. Let u = 237 + -196. Calculate the remainder when u is divided by m.
18
Let c be (-11)/(21 + -19 + 3/(-1)). Suppose -c*r + 367 + 29 = 0. What is the remainder when 142 is divided by r?
34
Suppose -4*r = 3*g - 594, -2*r + 208 = -5*g - 50. What is the remainder when r is divided by 29?
28
Let l be 9 - 8448/12 - -1*3. Let n = l - -898. Calculate the remainder when n is divided by 68.
2
Let x = 63 + -39. Let i = 4799 - 4624. Calculate the remainder when i is divided by x.
7
Suppose 2*o + 2*p + 210 = 4*o, -2*o + 231 = p. Calculate the remainder when 446 is divided by o.
110
Suppose 5*n + 15 = 0, -9*n = -3*v - 14*n + 63. What is the remainder when 168 is divided by v?
12
Suppose -6*h + 4*h - 116 = -6*h. Calculate the remainder when 167 is divided by h.
22
Let a be 1915/35 + (-4)/(-14). Let g = a - 53. Suppose -5*v - 21 = -2*j, 89 = 5*j - g*v + 26. What is the remainder when 50 is divided by j?
11
Let q(n) = -10*n - 389. What is the remainder when 251 is divided by q(-41)?
20
Let i = -208 + 206. What is the remainder when 129/i*1*(-2)/3 is divided by 9?
7
Let d = -88 + 90. Suppose -q + 0*q + 68 = r, 3*r = -q + 78. Calculate the remainder when q is divided by d/(-17) + 1096/68.
15
Let y(d) = -d**3 - 2*d**2 + d + 4. Suppose 177 = 4*r + 93. Calculate the remainder when y(-5) is divided by r.
11
Let v(w) = 5*w**2 - 20*w - 5. Suppose 2*b - 6*b - 2*y = -30, 4*y = -b + 18. Calculate the remainder when v(b) is divided by 16.
7
Let u(j) = 9*j**3 - 9*j**2 + 32*j - 9. What is the remainder when u(4) is divided by 68?
7
What is the remainder when 478 is divided by 368/3 - (9 + (-93)/9)?
106
Suppose -418 = 703*j - 705*j. Suppose -j = -6*y - 77. What is the remainder when 123 is divided by y?
13
Let i(r) = -r**3 - 64*r**2 + 587*r - 11. Calculate the remainder when 115 is divided by i(8).
38
Let p = -366 - -409. Calculate the remainder when 1071 is divided by p.
39
Suppose 0 = -4*a + 3*r + 8 + 17, 2*a + r = 25. Suppose a*n = 20 + 290. What is the remainder when 88 is divided by n?
26
Let c(j) = 26*j**3 - 2*j**2. Let g be c(-3). Let f be ((-21)/12)/(9/g). What is the remainder when 11 is divided by f/15*3/4?
4
Let h = -261 + 282. Suppose 0 = 2*n + 3*z - h, 2*z - 3*z = 3. Calculate the remainder when -3 - (-5)/1 - -52 is divided by n.
9
Suppose -11*b + 53 = o - 8*b, 5*b = -o + 63. Suppose -29*a = -21*a - 888. Calculate the remainder when a is divided by o.
35
Suppose 3*p - p = 6. Suppose -2*j = 2*j - 4*l + 336, -j - p*l - 88 = 0. Let q = -35 - j. Calculate the remainder when 146 is divided by q.
46
Calculate the remainder when 4436 is divided by -20*5/(-500) + (-1528)/(-10).
152
Let z(k) = -k**3 + 15*k**2 - 40*k - 73. Calculate the remainder when 62 is divided by z(8).
7
Let a(m) = -m**3 + 74*m**2 - 149*m + 376. Let g = -417 - -719. Calculate the remainder when g is divided by a(72).
14
Let y = -93 + -222. Calculate the remainder when (-45)/y + 138/14 is divided by 5.
0
Let r be -16*(-4 + -6*(-2)/4). Suppose -9*n + 7*n + r = 0. Suppose 27*f - 23*f - n = 0. Calculate the remainder when f is divided by 1.
0
Let v(m) = -m**2 - 10*m + 234. Let z be v(-24). Let n = 73 + 34. Let i = n + z. What is the remainder when 16 is divided by i?
1
Let p = -270 + 285. Let b = -56 - -113. What is the remainder when b is divided by p?
12
Let w(p) = 3*p**2 + 13*p - 27. Suppose 123 = -20*h - 37. Calculate the remainder when w(h) is divided by 34.
27
Suppose -2024 = -54*j - 728. What is the remainder when 335 is divided by j?
23
Suppose -6*v + 96 = -18*v. Let t(x) = -x**2 - 19*x + 46. What is the remainder when t(v) is divided by 9?
8
Suppose -3*u - 471 = -3*h, 5*h + 2*u = 3*u + 769. Let p = h + -140. Let s(w) = 14*w - 5. Calculate the remainder when s(4) is divided by p.
12
Suppose 188*p - 2030 = 174*p. What is the remainder when 156 is divided by p?
11
Suppose 173 + 109 = 91*s - 264. What is the remainder when 9785 is divided by s?
5
Suppose 3*b = -x + 25, 2*b - 19 = -x + b. Suppose 3*f + 13*j = 225, 5*j + 5 - 47 = 18. Calculate the remainder when f is divided by x.
7
Let n be 4*(1 + -2) - (-21)/3. Suppose n*i - j - 127 = 373, 5*i + 2*j - 848 = 0. Suppose 33*q + i = 40*q. What is the remainder when q is divided by 14?
10
Let d = -5 - -7. Suppose -t = 3*i - 103, -22 - 149 = -d*t + i. Calculate the remainder when t is divided by 16.
8
Suppose 32080 = -405*n + 421*n. What is the remainder when n is divided by 95?
10
Let n(a) = 2*a + 18. Let m be n(-6). Suppose 0 = -4*j - m*j + 620. Let i = 71 - j. Calculate the remainder when 25 is divided by i.
7
Let y be 2*3/(18/10353). Suppose -572 - y = -9*o. Calculate the remainder when o is divided by 41.
37
Let x = -229 - -261. Suppose 0 = -2*y + 6*y. Suppose 4*l = w + 269 + 227, -4*w + 16 = y. What is the remainder when l is divided by x?
29
Suppose 4*m - 7 - 1 = 0, 2*m = -4*n + 104. Calculate the remainder when 222 is divided by (-15)/(-9)*3 - (16 - n).
12
Let p(m) = -245*m + 8. Let r = -431 + 430. What is the remainder 